e?
True
Is 19979910703 composite?
True
Is 21592661 composite?
False
Is 5923274437 a composite number?
True
Is 638658563 prime?
True
Is 2312318989 a composite number?
True
Is 10108135903 composite?
True
Is 31034612203 a composite number?
True
Is 8557042271 prime?
True
Is 23289218333 a composite number?
False
Is 1896831259 composite?
False
Is 10835265161 composite?
True
Is 1350179947 prime?
True
Is 76336343786 prime?
False
Is 191541134219 a prime number?
False
Is 95375057 composite?
False
Is 2794883681 a prime number?
False
Is 95255631619 a prime number?
True
Is 1400206453 composite?
True
Is 2623866331 prime?
True
Is 1648766965 a prime number?
False
Is 2891838319 composite?
False
Is 3888666617 a composite number?
True
Is 19567276633 prime?
False
Is 22751347093 a composite number?
False
Is 16912264099 prime?
False
Is 80331767 composite?
False
Is 6861462103 prime?
True
Is 904300393 a prime number?
True
Is 131463323 a prime number?
True
Is 3689720038 prime?
False
Is 20118389051 prime?
True
Is 651434321 composite?
True
Is 115956522842 a prime number?
False
Is 13907950589 a composite number?
True
Is 7349148757 a prime number?
False
Is 25978961599 composite?
False
Is 713512879 a composite number?
True
Is 3234956441 a prime number?
False
Is 6275079037 composite?
False
Is 11795500421 a prime number?
False
Is 12370274963 composite?
False
Is 7760326501 a prime number?
True
Is 2664198451 prime?
True
Is 20888328361 a prime number?
True
Is 2471247979 a composite number?
True
Is 2013353949 composite?
True
Is 5409392519 a prime number?
False
Is 1278338447 a prime number?
True
Is 6039344249 a composite number?
False
Is 2054789317 composite?
True
Is 11407413595 a composite number?
True
Is 5437237387 a prime number?
False
Is 6691585921 composite?
True
Is 2302242593 prime?
False
Is 91771167563 prime?
True
Is 3481571449 a prime number?
False
Is 995718827 prime?
False
Is 514978343 composite?
True
Is 23574808133 prime?
True
Is 2429902857 a composite number?
True
Is 675111323 composite?
False
Is 2473268347 composite?
True
Is 66626906573 a prime number?
False
Is 1835228503 a composite number?
False
Is 177606215 a composite number?
True
Is 1831428839 composite?
False
Is 7410813937 a composite number?
False
Is 1313114927 a composite number?
True
Is 31259087473 a composite number?
False
Is 34489789 prime?
True
Is 5214940817 a composite number?
False
Is 633182789 a prime number?
True
Is 448366987 prime?
True
Is 762557717 prime?
False
Is 1532628893 prime?
True
Is 36291387383 a composite number?
False
Is 9150800497 a prime number?
True
Is 21699630397 a composite number?
False
Is 18571188949 a prime number?
False
Is 70412451409 a composite number?
False
Is 48233521 prime?
False
Is 34618572587 composite?
False
Is 646836913 prime?
False
Is 23092356349 prime?
False
Is 6713607209 composite?
True
Is 19229042827 a prime number?
False
Is 153900999089 prime?
True
Is 7707324539 a composite number?
True
Is 1495897421 a composite number?
False
Is 1021877897 composite?
True
Is 21225513979 prime?
True
Is 4594617943 a composite number?
True
Is 35100138169 composite?
True
Is 14346930131 a composite number?
False
Is 89600538913 a composite number?
False
Is 55662758707 prime?
False
Is 664205653 a prime number?
True
Is 1890729163 composite?
True
Is 50255469373 composite?
True
Is 5532461581 composite?
True
Is 10838531927 composite?
False
Is 1363210097 a composite number?
False
Is 2957709647 a prime number?
False
Is 148907188723 a prime number?
False
Is 53925912707 a composite number?
True
Is 4324381709 composite?
True
Is 68926048111 composite?
True
Is 10915379 composite?
True
Is 36709791703 prime?
False
Is 8095757881 prime?
False
Is 65229984177 a prime number?
False
Is 862603789 prime?
False
Is 74264461 a composite number?
True
Is 6006259645 a composite number?
True
Is 6042695147 prime?
True
Is 5830720211 prime?
False
Is 52109137 a composite number?
False
Is 64596937199 a prime number?
True
Is 72943944581 prime?
True
Is 95283595513 prime?
True
Is 4512695221 a prime number?
False
Is 3267966809 prime?
True
Is 2206413457 prime?
False
Is 11890700999 a prime number?
False
Is 376311107 prime?
True
Is 223453201 prime?
False
Is 188140657 composite?
False
Is 7015732517 a composite number?
True
Is 24786375727 a prime number?
False
Is 7394146241 prime?
False
Is 17680797019 composite?
True
Is 3301812827 prime?
True
Is 10122095143 composite?
True
Is 152457911 a composite number?
False
Is 6682885309 composite?
True
Is 20139230539 prime?
True
Is 10370913193 composite?
True
Is 231476897 prime?
True
Is 383336179 composite?
True
Is 209129083 prime?
True
Is 4156383841 a composite number?
True
Is 573576946 a prime number?
False
Is 1964642777 composite?
False
Is 32014159 a composite number?
False
Is 38287081073 a composite number?
True
Is 419743957 prime?
False
Is 2930848563 a prime number?
False
Is 12481397 a composite number?
True
Is 500285597063 a composite number?
True
Is 4909924913 composite?
True
Is 12793331027 a composite number?
False
Is 2594227709 a prime number?
True
Is 5353030259 composite?
False
Is 269129793 a prime number?
False
Is 210917293 prime?
False
Is 3908306123 composite?
True
Is 527123693 prime?
False
Is 41383298839 composite?
False
Is 161253834529 a prime number?
True
Is 217358937853 prime?
True
Is 14841912553 composite?
True
Is 159872179 composite?
False
Is 181337537 a prime number?
True
Is 255191291 prime?
True
Is 16777754687 prime?
True
Is 10241114699 prime?
True
Is 613330141 prime?
True
Is 3648741839 a prime number?
True
Is 4346303 a composite number?
True
Is 29286258577 a composite number?
False
Is 2896629587 prime?
False
Is 4402735009 prime?
True
Is 289565033 a prime number?
False
Is 26773170803 prime?
True
Is 85118440601 a prime number?
True
Is 399833549 a prime number?
False
Is 25470157033 composite?
True
Is 23040008767 a composite number?
True
Is 58789493363 a composite number?
False
Is 4684626521 a composite number?
True
Is 391652713 prime?
True
Is 336132106 a composite number?
True
Is 4762152071 prime?
True
Is 108712823 composite?
True
Is 116368341 a prime number?
False
Is 5325037787 a composite number?
True
Is 45602398367 composite?
True
Is 3178137037 a prime number?
True
Is 4399704209 a prime number?
False
Is 15521896333 a composite number?
False
Is 14418346049 a composite number?
False
Is 500149337 prime?
True
Is 2524406153 prime?
False
Is 67766609678 prime?
False
Is 27489022163 composite?
False
Is 929815297 composite?
False
Is 13955719837 prime?
False
Is 658471889 a composite number?
False
Is 988931843 composite?
False
Is 8890364099 a composite number?
False
Is 1546547573 a prime number?
True
Is 2594130037 a composite number?
True
Is 1132150963 prime?
True
Is 1163223959 prime?
False
Is 73925417 prime?
True
Is 123904690241 a prime number?
False
Is 4327794007 composite?
False
Is 36422446111 composite?
False
Is 74575267133 prime?
True
Is 4353893659 composite?
False
Is 24936320033 prime?
False
Is 30680835313 composite?
False
Is 438507408369 prime?
False
Is 1887374131 prime?
False
Is 52748071041 a prime number?
False
Is 7332184397 composite?
False
Is 2686690159 composite?
False
Is 155393981 a prime number?
False
Is 8312607797 prime?
False
Is 3617802007 composite?
False
Is 912555221 prime?
True
Is 3256837193 composite?
False
Is 1673999947 composite?
True
Is 7254598837 a composite number?
False
Is 1499198774 a prime number?
False
Is 569587507 prime?
False
Is 14557690417 a prime number?
False
Is 451296551 a composite number?
False
Is 21310405861 composite?
True
Is 2618479831 a composite number?
True
Is 2071914437 composite?
True
Is 23255132471 a composite number?
False
Is 4500985551 a prime number?
False
Is 42753379 a prime number?
True
Is 21149190287 a composite number?
False
Is 114225211 composite?
False
Is 44748321 composite?
True
Is 4924271189 composite?
True
Is 12317412727 a prime number?
False
Is 712474149907 a composite number?
True
Is 67885821209 a prime number?
False
Is 95227416821 composite?
False
Is 2252671279 a composite number?
False
Is 4097069729 a composite number?
True
Is 293563219 a prime number?
True
Is 2394585101 a composite number?
False
Is 1998755989 a composite number?
False
Is 30044147359 composite?
True
Is 6139050686 prime?
False
Is 4312810547 prime?
True
Is